-15))/(4/(-320)). Calculate the highest common factor of w and k.
24
Suppose 4*y + 7 = 183. Suppose -2*h = y - 76. Calculate the greatest common factor of h and 4.
4
Let w(k) = k**3 + 11*k**2 - 13*k + 11. Let v be w(-12). Suppose 2*m - 35*j + 32*j = 43, -3*j = -m + v. What is the greatest common factor of 80 and m?
20
Suppose 647*z - 1358 = 654*z. Let t be -1 - z/2*(-8)/(-8). Suppose -2*h - 2*k + 48 = 2*k, 4*h + 4*k = 112. Calculate the highest common factor of h and t.
32
Let r(x) = 23*x - 159. Let q be r(13). Let h = q + -135. Calculate the greatest common factor of 5 and h.
5
Suppose 592 = 6*z - 1010. Suppose -5*g + 396 + z = 4*u, 0 = 4*g - 5*u - 555. What is the highest common factor of g and 15?
15
Let r(h) = 2*h - 28. Let o be r(16). Let q be o/26 + (-55)/(-65). Suppose q = -4*s + 9. Calculate the highest common factor of 6 and s.
2
Let x be (-10 - -8) + 150/1 - -2. Suppose 5*m = 5*v + x, m - 10 = -4*v - 5. Calculate the greatest common divisor of 65 and m.
5
Suppose 2*q + 4 = m - 24, -5*m + 140 = -4*q. Let v = -18 + 21. Let j = v - -4. Calculate the highest common divisor of m and j.
7
Let s = -206 - -518. Let p be (s/(-16))/((-2)/4). Calculate the highest common divisor of p and 3.
3
Let p be 1 - (2 - (-8 - -4)). Let n = -2 - p. Let g be 191/n - (-3 - 33/(-9)). What is the greatest common factor of 21 and g?
21
Let j(f) = 20*f**2 - 15*f. Let c(r) = r**3 + 14*r**2 + 11*r - 21. Let d be c(-13). Let p be j(d). What is the greatest common factor of p and 17?
17
Let x be -127*((-24)/(-6) - 5). Let j be x/1 - (-1 + 2). Calculate the greatest common divisor of 294 and j.
42
Let i = -5435 - -7338. What is the highest common factor of i and 44?
11
Let r(z) = z**3 + 2*z**2 - 18*z + 4. Let g(f) = -f**3 - 41*f**2 + 86*f - 5. Let b be g(-43). Let m be r(b). Calculate the greatest common divisor of m and 38.
19
Suppose -75 = -7*j + 16. Suppose j*g - 2442 - 951 = 0. What is the greatest common factor of 45 and g?
9
Suppose -5*r = 25, -5*k - 12*r - 830 = -8*r. Let x = -93 - k. Calculate the greatest common factor of x and 207.
69
Suppose 497 - 1183 = -29*w + 909. Calculate the highest common divisor of 2783 and w.
11
Let q(m) = -m**3 + 6*m**2 + 23*m + 5. Let w be q(7). Suppose 0*r = -2*z - 2*r + 26, 0 = 2*r. Calculate the highest common divisor of w and z.
13
Let u = 30 - 28. Suppose -6*r + 16 = -2*r. Suppose -17 = 4*g + 5*c, -35 = -4*g + r*c - 7. Calculate the highest common divisor of u and g.
2
Suppose -12705*f - 160 = -12745*f. Calculate the highest common factor of f and 7628.
4
Let u(q) = q**2 + 135*q + 2852. Let a be u(-123). What is the greatest common divisor of 559 and a?
43
Suppose -9493 = 44*n - 45397. Calculate the highest common divisor of 432 and n.
48
Suppose -2*o = 0, f - 2*o = 19 - 212. Let y = f + 238. What is the highest common factor of y and 5?
5
Let y = 43 - -47. Let k = y + -55. Suppose 5*i - 64 = 3*l, 5*i - 24 = 3*i + 2*l. Calculate the greatest common factor of i and k.
7
Let n(b) = -264*b + 1152. Let y be n(-7). Calculate the greatest common divisor of y and 96.
24
Let j(n) = 25*n. Let i be j(2). Suppose -157*q + 3*u - 54 = -161*q, 5*q + 5*u = 65. What is the highest common factor of i and q?
5
Suppose 0 = 11*n - 5523 - 1110. What is the highest common factor of n and 9?
9
Let s = 7153 + -7078. What is the highest common divisor of 69 and s?
3
Let j = -3 - 3. Let s be ((-3)/j)/(-4 + (-11862)/(-2964)). Calculate the greatest common divisor of 39 and s.
13
Suppose a + 2*q = 226, -3*a + 11*q - 15*q + 660 = 0. Calculate the greatest common divisor of a and 356.
4
Suppose -4097 - 7102 - 8241 = -36*g. What is the greatest common divisor of 2619 and g?
27
Let s(b) = 2*b**2 - 2*b - 2. Let d be s(2). Suppose -5*v + 76 = -d*i - 31, v = 4*i + 7. Let n = 4 + 65. Calculate the highest common factor of v and n.
23
Suppose 3 = -2*w + 5, 5*s = -4*w + 4. Suppose y - 9 - 3 = s. Let v be 210*(-3)/(45/(-6)). What is the highest common divisor of v and y?
12
Suppose -30*a + 6842 - 272 = 0. Let t = a - 204. Calculate the highest common factor of t and 15.
15
Let y(s) = 2*s**2 - 41*s - 27. Let u be y(21). Let b(d) = d**3 + 4*d**2 - 21*d - 33. Let m be b(u). Calculate the highest common divisor of m and 5.
1
Suppose z - 326 = 3*z. Let a = 173 + z. Suppose 5*x - 29 = -9. Calculate the highest common factor of a and x.
2
Let r be 3 + -1 + 0 + 23. Let f be 5/(25/10) + -68. Let q = f + 76. What is the greatest common factor of r and q?
5
Let k = -5306 + 5339. Calculate the greatest common factor of k and 5148.
33
Let p(j) = 6*j**3 + j**2 + 59*j - 165. Let s be p(3). Calculate the greatest common factor of 38064 and s.
183
Let i(u) = u**2 - 3*u - 4. Let y be 0 + 6/((-45)/(-14) + -3). Let s = 26 - y. Let b be i(s). Calculate the greatest common factor of 24 and b.
6
Let a = 8263 + -3973. Calculate the highest common divisor of 15 and a.
15
Let i(h) = 2*h**2 + 212*h - 2594. Let b be i(-118). Calculate the greatest common factor of b and 11543.
119
Let v = -4138 + 12973. What is the greatest common factor of v and 310?
155
Suppose 11*y - 19*y + 5016 = 0. Suppose -y = -130*j + 127*j. What is the greatest common divisor of j and 19?
19
Let s be (0 + -5)/((-2)/12). Let z = 1480 + -1450. What is the highest common factor of z and s?
30
Let d be (-26)/2 + 6 + -5. Let y be 39 - (10/(-4) - (-6)/d). Suppose -5*k + 51 = i, 5*k = 5*i - 147 + y. What is the greatest common divisor of 104 and i?
26
Let f(i) = 6876*i + 14184. Let k be f(-2). Suppose 3*r - 150 = -5*y, -2*y + 2*r = -0*y - 44. What is the greatest common divisor of k and y?
27
Suppose -249 = -21*r - 39. Let h be r/(-3)*(1 + -37). Calculate the greatest common divisor of 15 and h.
15
Let y(q) = -q**2 + 48*q + 656. Let c be y(-10). Calculate the greatest common factor of c and 627.
19
Let j be (-9)/45 + (-1418)/10. Let u = j + 239. Suppose -65 = -2*k + u. What is the greatest common divisor of k and 9?
9
Let w be (4 - -12)/(((-30)/(-1023))/5). Suppose 316*l = 324*l - w. Calculate the greatest common divisor of 22 and l.
11
Suppose 0 = 2*r - 4*d - 58, -18 - 24 = -2*r - 4*d. Let h be (-75)/(-9)*(56 + -17). Calculate the greatest common divisor of h and r.
25
Suppose -5*n + 1274 = 3*b, 5*b + n + 2114 = 10*b. Let w = -214 + b. What is the highest common divisor of w and 76?
19
Let c be 18/153 - (-16912)/(-119). Let x = 311 + c. Calculate the greatest common factor of x and 26.
13
Suppose -2*q - 5 = -17, -2*q = -3*w + 138. What is the highest common factor of w and 3130?
10
Suppose -5*s + 4*t + 727 = 0, 2*s - 3*t = 767 - 486. Calculate the greatest common divisor of 1 and s.
1
Let y be (-10 - 1503)*(-25 + 24). Calculate the highest common divisor of y and 323.
17
Let s be (-8)/(1/410*-5). Calculate the highest common divisor of s and 1066.
82
Suppose 255*j - 243*j - 1752 = 0. What is the greatest common factor of j and 1679?
73
Let c = -50 + 81. Let w be (c - 30)/((-2)/(-188)). What is the greatest common factor of 47 and w?
47
Suppose 0 = -g - 6*u + u - 157, 0 = -g - 4*u - 153. Let c = -100 - g. Let a be (-1)/(-1*2/518). What is the highest common divisor of a and c?
37
Let d = 34 + -16. Suppose -21*z + d*z + 30 = 0. Let j be (-2)/4 + (505/z - 4). Calculate the greatest common factor of 23 and j.
23
Suppose 2*w - 5 + 31 = 0. Let j be w/((27/(-24))/9). Let i = 9 - -17. What is the greatest common divisor of i and j?
26
Let r be 3 - (-3 - 75) - 0. Suppose -345 = -0*t + 5*t. Let s = r + t. What is the highest common factor of s and 6?
6
Suppose w = 62604*l - 62600*l + 444, w + 3*l = 332. Let j be ((-46)/6 - -1)*-3. Calculate the highest common divisor of w and j.
20
Let z = -10026 - -10055. Let t(a) = a**2 + 3*a + 4. Let n be t(-9). What is the highest common divisor of z and n?
29
Let r = 340 + -184. Suppose r*l - 142*l = 630. Calculate the greatest common divisor of 495 and l.
45
Suppose 3*m + 4*m = 1253. Let i = 42 + m. What is the highest common factor of i and 17?
17
Let v(u) = -u**2 + 5*u - 4. Let m be v(4). Suppose r = -5*a + 559, a = r - m*r + 113. Let q = 933 + -919. What is the highest common factor of a and q?
14
Let r(s) = -1911*s - 10653. Let g be r(-23). What is the highest common divisor of 100 and g?
100
Let m = 1311 - 834. Suppose -m = -4*w + 923. What is the greatest common factor of w and 2